(base 8) to base 5
41
Convert 1a (base 12) to base 6.
34
463 (base 8) to base 7
616
What is -2 (base 5) in base 2?
-10
8 (base 15) to base 10
8
Convert -231 (base 6) to base 5.
-331
Convert 2 (base 8) to base 2.
10
Convert -122 (base 3) to base 16.
-11
What is 265 (base 8) in base 15?
c1
-b4 (base 12) to base 15
-91
What is -100000 (base 2) in base 6?
-52
What is -5 (base 16) in base 9?
-5
-3a (base 13) to base 11
-45
1001 (base 4) to base 11
5a
Convert -34 (base 7) to base 14.
-1b
142 (base 7) to base 16
4f
-250 (base 9) to base 4
-3033
What is 1 (base 8) in base 10?
1
What is -1 (base 10) in base 3?
-1
-23 (base 5) to base 2
-1101
0 (base 6) to base 5
0
-110010 (base 2) to base 13
-3b
-4 (base 6) to base 15
-4
What is -23 (base 10) in base 5?
-43
-32 (base 4) to base 8
-16
What is 1 (base 13) in base 10?
1
Convert 12111 (base 3) to base 13.
b5
11 (base 2) to base 6
3
What is 1 (base 12) in base 2?
1
What is 26 (base 11) in base 8?
34
55 (base 6) to base 15
25
4 (base 11) to base 2
100
Convert -100 (base 3) to base 11.
-9
-2 (base 16) to base 12
-2
Convert b (base 15) to base 3.
102
23 (base 10) to base 16
17
Convert 2 (base 12) to base 3.
2
What is 101 (base 4) in base 5?
32
What is -a (base 16) in base 10?
-10
Convert -1 (base 7) to base 15.
-1
What is 2 (base 15) in base 10?
2
-6 (base 8) to base 13
-6
What is -13 (base 7) in base 11?
-a
What is -10 (base 6) in base 5?
-11
Convert 5b (base 14) to base 10.
81
What is -8 (base 14) in base 9?
-8
What is 54 (base 15) in base 16?
4f
Convert 1 (base 11) to base 14.
1
What is 9 (base 13) in base 6?
13
-63 (base 7) to base 3
-1200
What is 1006 (base 7) in base 6?
1341
-2211 (base 4) to base 5
-1130
Convert -26 (base 7) to base 16.
-14
-4 (base 9) to base 14
-4
100 (base 2) to base 5
4
-4 (base 8) to base 16
-4
3 (base 6) to base 3
10
What is 0 (base 9) in base 8?
0
15 (base 7) to base 4
30
Convert -2 (base 12) to base 4.
-2
Convert -9 (base 13) to base 14.
-9
What is 0 (base 8) in base 3?
0
What is -17 (base 8) in base 11?
-14
What is -436 (base 7) in base 16?
-df
-22 (base 5) to base 13
-c
-66 (base 10) to base 2
-1000010
Convert 10 (base 7) to base 14.
7
Convert -74 (base 12) to base 3.
-10021
-1 (base 11) to base 8
-1
What is -81 (base 15) in base 16?
-79
20 (base 5) to base 16
a
-5 (base 9) to base 13
-5
2 (base 11) to base 12
2
What is -4 (base 10) in base 5?
-4
Convert 2 (base 14) to base 5.
2
55 (base 15) to base 3
2222
What is 3 (base 7) in base 10?
3
What is -1 (base 13) in base 10?
-1
What is -27 (base 10) in base 6?
-43
3 (base 11) to base 10
3
Convert 22 (base 13) to base 14.
20
Convert 101000 (base 2) to base 10.
40
What is -9b (base 12) in base 9?
-142
Convert 100 (base 2) to base 16.
4
What is -5 (base 8) in base 13?
-5
Convert -10011001 (base 2) to base 6.
-413
2 (base 11) to base 4
2
Convert -60 (base 8) to base 14.
-36
Convert 0 (base 13) to base 4.
0
-100011011 (base 2) to base 4
-10123
102022 (base 3) to base 11
258
-66 (base 15) to base 16
-60
Convert 12 (base 5) to base 15.
7
What is -12222 (base 3) in base 14?
-b7
What is 5 (base 9) in base 3?
12
What is -156 (base 7) in base 14?
-66
Convert 2 (base 7) to base 15.
2
What is 12 (base 7) in base 8?
11
What is 16 (base 9) in base 2?
1111
What is 5 (base 15) in base 6?
5
Convert 1 (base 7) to base 5.
1
1421 (base 5) to base 13
152
Convert 0 (base 13) to base 9.
0
Convert -41 (base 5) to base 11.
-1a
What is -64 (base 8) in base 4?
-310
What is 470 (base 8) in base 9?
376
Convert -4 (base 14) to base 12.
-4
Convert 12 (base 3) to base 10.
5
-303 (base 4) to base 14
-39
3 (base 16) to base 13
3
Convert 0 (base 5) to base 11.
0
What is -145 (base 8) in base 12?
-85
What is 45 (base 6) in base 5?
104
12 (base 14) to base 6
24
-141 (base 5) to base 6
-114
What is -24 (base 5) in base 7?
-20
Convert -125 (base 12) to base 16.
-ad
What is 18 (base 14) in base 15?
17
-5 (base 15) to base 8
-5
What is -133 (base 5) in base 8?
-53
What is 1 (base 12) in base 11?
1
What is 10 (base 12) in base 11?
11
1 (base 8) to base 14
1
What is 2 (base 8) in base 6?
2
223 (base 13) to base 11
304
-110101 (base 2) to base 7
-104
Convert -6 (base 13) to base 7.
-6
What is 110 (base 3) in base 11?
11
1101 (base 6) to base 9
311
344 (base 7) to base 10
179
What is 43 (base 7) in base 14?
23
Convert 1100 (base 5) to base 10.
150
What is -5 (base 9) in base 14?
-5
Convert -3 (base 14) to base 5.
-3
Convert -c (base 13) to base 15.
-c
-81 (base 10) to base 2
-1010001
What is 10 (base 6) in base 3?
20
-3 (base 8) to base 12
-3
What is 30 (base 7) in base 12?
19
What is 1 (base 6) in base 9?
1
2122 (base 3) to base 2
1000111
-1 (base 2) to base 9
-1
Convert -2 (base 13) to base 14.
-2
0 (base 12) to base 8
0
Convert -a (base 16) to base 9.
-11
Convert 46 (base 7) to base 2.
100010
Convert -12120 (base 3) to base 2.
-10010110
-10001 (base 2) to base 8
-21
Convert -8 (base 15) to base 11.
-8
What is 0 (base 8) in base 5?
0
Convert -2 (base 9) to base 14.
-2
Convert -3 (base 15) to base 10.
-3
Convert -7 (base 11) to base 10.
-7
2 (base 15) to base 13
2
Convert -104 (base 5) to base 15.
-1e
What is 27 (base 13) in base 11?
30
-343 (base 7) to base 5
-1203
What is -86 (base 10) in base 11?
-79
What is 14 (base 5) in base 7?
12
What is -1000 (base 7) in base 15?
-17d
Convert 7 (base 15) to base 6.
11
What is 12 (base 9) in base 12?
b
6 (base 15) to base 12
6
65 (base 12) to base 11
70
Convert b (base 16) to base 2.
1011
14 (base 10) to base 8
16
What is 2 (base 13) in base 16?
2
2 (base 11) to base 7
2
Convert 87 (base 15) to base 11.
106
Convert 0 (base 2) to base 12.
0
Convert 10 (base 3) to base 13.
3
-531 (base 6) to base 4
-3013
Convert -4 (base 16) to base 8.
-4
Convert -2 (base 8) to base 7.
-2
What is 1002 (base 3) in base 7?
41
99 (base 10) to base 11
90
What is 5 (base 10) in base 2?
101
What is -112 (base 3) in base 14?
-10
What is 11001 (base 2) in base 3?
221
-40 (base 9) to base 12
-30
110 (base 13) to base 12
132
Convert -112 (base 3) to base 16.
-e
Convert -1100 (base 2) to base 6.
-20
2 (base 4) to base 11
2
Convert -2 (base 6) to base 15.
-2
-10 (base 5) to base 11
-5
Convert -30 (base 11) to base 14.
-25
Convert 4 (base 6) to base 3.
11
Convert -3 (base 15) to base 6.
-3
What is -1 (base 13) in base 16?
-1
Convert 1 (base 12) to base 6.
1
Convert -81 (base 11) to base 4.
-1121
Convert 3 (base 10) to base 14.
3
Convert -16 (base 8) to base 16.
-e
What is -1000 (base 4) in base 13?
-4c
What is -5 (base 13) in base 10?
-5
30 (base 5) to base 4
33
-114 (base 7) to base 8
-74
Convert 1101011 (base 2) to base 7.
212
What is -11 (base 8) in base 4?
-21
Convert 81 (base 15) to base 11.
100
34 (base 8) to base 3
1001
Convert -2 (base 8) to base 9.
-2
What is 37 (base 8) in base 15?
21
5 (base 7) to base 8
5
Convert 1b7 (base 12) to base 10.
283
What is 250 (base 9) in base 8?
317
Convert 2 (base 6) to base 3.
2
-10 (base 2) to base 7
-2
Convert 153 (base 7) to base 2.
1010111
-2312 (base 4) to base 9
-222
Convert 4 (base 15) to base 12.
4
Convert 2 (base 14) to base 5.
2
Convert 1 (base 13) to base 3.
1
128 (base 10) to base 2
10000000
What is 2c (base 16) in base 7?
62
What is 0 (base 11) in base 8?
0
4 (base 8) to base 16
4
-3 (base 5) to base 3
-10
Convert 12 (base 9) to base 7.
14
What is 57 (base 15) in base 5?
312
Convert 6 (base 15) to base 7.
6
What is 5 (base 7) in base 9?
5
0 (base 9) to base 15
0
What is -12 (base 4) in base 7?
-6
12 (base 9) to base 12
b
-71 (base 9) to base 10
-64
23 (base 9) to base 15
16
Convert -232 (base 7) to base 12.
-a1
What is -15 (base 11) in base 15?
-11
0 (base 16) to base 10
0
Convert -7 (base 15) to base 12.
-7
57 (base 16) to base 6
223
What is -1100 (base 3) in base 12?
-30
What is 4a (base 12) in base 5?
213
What is -83 (base 13) in base 7?
-212
What is 200 (base 3) in base 8?
22
What is -59 (base 13) in base 12?
-62
What is 36 (base 9) in base 8?
41
1 (base 7) to base 6
1
What is 13 (base 9) in base 13?
c
Convert 6 (base 13) to base 15.
6
Convert 1435 (base 6) to base 16.
17f
What is 17 (base 10) in base 16?
11
Convert 43 (base 9) to base 2.
100111
-2 (base 3) to base 7
-2
Convert 1013 (base 4) to base 5.
241
Convert 1003 (base 6) to base 7.
432
What is -1a (base 15) in base 8?
-31
Convert 0 (base 16) to 